 5. Suppose -v - 39 = -b*k - 0*v, -5*k + 31 = v. Suppose 0 = k*o - 4*o - 18. Let u(c) = 3*c - 9. Determine u(o).
9
Suppose 30 = 4*v + 2*f, v - 3*f = -5*f + 6. Let i be (-6 - -3) + 2 + v. Let c(n) = n - 4. Calculate c(i).
3
Let g(t) be the first derivative of -3*t**2/2 - 29*t - 438. Calculate g(-14).
13
Suppose 4*t + 8 - 44 = 0. Let k(w) = -t*w**2 - 2*w + 4 + 6*w + 8*w**2 + w. What is k(6)?
-2
Let p(z) = -z**3 + 5*z**2 + 7*z + 2. Let l(u) = -u**3 - 23*u**2 - 76*u + 5. Let j be l(-19). Calculate p(j).
37
Let c = 376 + -378. Let s(k) = k - 1. Let t(j) = -j**2 + 5*j - 6. Let b(u) = 5*s(u) - t(u). Determine b(c).
5
Let h be (-12)/(2/(-8)*6). Suppose -2*w = w - 3, h = -2*n + 2*w. Let u(a) = -a**3 - 5*a**2 - 3*a - 3. What is u(n)?
-12
Let a(q) = -2*q + 6. Let z be a(2). Let f(h) = -3*h - 8 + 5*h + h**z - 5 - h. Let v = -2 - -2. Calculate f(v).
-13
Suppose b = 3*b + 6. Suppose -19 = 4*g + 5*n, 4*g - n + 10 + 15 = 0. Let z(s) = s + 3. Let f(h) = -1. Let j(a) = g*f(a) - 2*z(a). Determine j(b).
6
Let a(s) = -s**3 + 2*s**2 + 4*s - 3. Let f be (16/48)/(2/18). Give a(f).
0
Suppose d + l = -0*l, d = l + 4. Let x(w) = 3*w**2 - 12*w**2 + 6*w**2 + d*w**2 + 4*w. Suppose -19 = -5*u - 2*n + 6*n, 0 = -2*u + 5*n + 11. Determine x(u).
3
Let d(i) = i**2 + 15. Suppose -9*p = -11*p + 10*p. Calculate d(p).
15
Let p(y) = y**2 + 3*y - 2. Suppose 5*k = -0*k + 20. Let c be 5/1 + k/(-4). Suppose 5*t = c*t - 3. What is p(t)?
-2
Let n(l) be the second derivative of l**5/20 - 7*l**4/12 - 3*l**3/2 + 4*l**2 - 3505*l + 2. Let c(f) = -5*f - 2. Let j be c(-2). Determine n(j).
0
Let g(b) = -11. Let z(d) = d - 2. Let c(p) = g(p) + z(p). What is c(11)?
-2
Let r(p) = 2*p + 3. Let w(u) = -8*u**3 - 3*u**2 + 3. Let d be w(-2). Let f = 49 - d. Determine r(f).
-9
Let d(k) = -2*k + 3. Let f = 5 + 3. Let z = 13 - f. Determine d(z).
-7
Suppose b - 8 + 1 = -5*s, 4*s = -b + 5. Let u = s - 1. Let q(g) = 13*g**3 + 2*g**2 - 1. Determine q(u).
14
Let q be (-6)/(-28)*40 + (-3)/(-7). Let p = q - 11. Let r(j) = j**3 + 4*j**2 + 2*j - 1. Determine r(p).
3
Let t(k) be the first derivative of k**3/3 - 4*k**2 - k + 235. Calculate t(3).
-16
Let l(o) = -o - 1 - 4 - 3*o + 5*o. Determine l(-5).
-10
Let s(z) = 3*z**3 - 4*z**3 - z**2 - 5*z + 10*z**2 - 3*z**2 + 4. Calculate s(5).
4
Let v = -45 - -24. Let c = 21 + v. Let h(x) = x - 11. What is h(c)?
-11
Let z = -243 - -235. Let v(k) = -k**3 - 8*k**2 - 6. Calculate v(z).
-6
Let a(x) = x - 2. Let h be a(-6). Let m(i) = -8*i - 448*i**2 + 447*i**2 - 17 + 19. What is m(h)?
2
Let v(t) be the third derivative of t**4/12 - t**3/6 + 49*t**2. Calculate v(6).
11
Let i(p) = p**3 + 7*p**2 + 6*p + 6. Let y(f) = -10*f**3 - 3*f - 2. Let w be y(-1). Let c be (-2)/8 - 67/4. Let z = c + w. Determine i(z).
6
Let q(n) = 34*n + 510. Let y be q(-15). Let f(m) = -m**2 + m + 35. Determine f(y).
35
Let x(p) = -21 - 2*p + 8 + 4*p + 7 + p. Determine x(5).
9
Suppose -24*h + 25 = -3*b - 26*h, 0 = 2*h + 10. Let l(y) = y + 8. Give l(b).
3
Suppose -3*s - 2*s = 25. Let l be (-6)/s*(-5)/(-2). Let r(a) be the first derivative of -a**3/3 + a**2 - 4*a - 35. Give r(l).
-7
Let b(w) = -35*w**3 - 2*w**2 - w. Let s be (29/(-87))/((-2)/(-6)). Determine b(s).
34
Let p = -49/9 + 52/9. Let v(c) be the second derivative of -p*c**4 + 0 + 6*c + 1/20*c**5 - 2*c**2 + 5/6*c**3. Calculate v(3).
2
Let f(g) = 3*g**2 + 3*g. Let y(j) = -39*j + 115. Let l be y(3). Give f(l).
6
Let m(l) be the first derivative of -l + 2. Let r(y) = -2*y**2 + 3*y - 2. Let d(w) = -5*m(w) + r(w). Determine d(-2).
-11
Let g(r) = 12*r + 42. Suppose -119*i - 404 = -47. Calculate g(i).
6
Let r(k) = -2*k - 10. Let w be r(-5). Let o(c) = -c + 2 + 0 + w + 1. Give o(8).
-5
Let m be (-3 - (-95)/20) + (-2)/(-8). Let b(s) = 2*s**3 + 13*s**2 + 6*s + 13. Let u(l) = -l**3 - 6*l**2 - 3*l - 6. Let v(p) = m*b(p) + 5*u(p). Give v(-4).
8
Let q(g) = -g**2 + 4*g + 2. Let v be 2/6 - 22/(-6). Let c be q(v). Let x(o) be the second derivative of o**4/6 + o**2/2 + 13*o. What is x(c)?
9
Let h(l) = -663*l**2 - 2*l + 0*l**3 + 669*l**2 - l**3 + 1. Calculate h(6).
-11
Let y(z) = 1 + 198*z - 101*z - 99*z. Let k = 37 - 43. Determine y(k).
13
Let y = 155 + -151. Let t(c) = 3367 - c**2 - y*c - 3374 + 3*c - c**3. What is t(0)?
-7
Let o(y) = -2*y + 10*y - 3*y**3 - 7*y - 5*y**3. Determine o(-1).
7
Let d(p) be the second derivative of p**5/20 + 7*p**4/12 + 5*p**3/6 + 5*p**2/2 + 185*p + 1. Determine d(-5).
30
Let b(h) = h**2 + 9*h + 14. Let i(o) = o**3 + 8*o**2 - 6*o + 20. Let v be i(-9). Let w be b(v). Let p(k) = k + 1. Determine p(w).
1
Let o = -10 - -16. Let b = -4 + 6. Let s(n) = b*n + 0 + 6*n**2 - 2 - n**3 - 4. Determine s(o).
6
Suppose 25 = 5*i, 2*u - 3*i + 15 = -0*u. Let z(j) = u + 0*j + 5*j + 0. What is z(-3)?
-15
Let f(y) = -y + 4. Let l(d) = -6*d + 21. Let m(c) = 11*f(c) - 2*l(c). Calculate m(-2).
0
Let v(i) = -i**3 + 9*i**2 + 8*i + 14. Let h = 2 + 8. Calculate v(h).
-6
Let v(z) = 5*z - 32*z + z**2 + 7*z + 10*z + 7 + 2*z. Give v(8).
7
Let q(i) = -i**2 + 4. Suppose r + 42 = 3*r. Let c = -21 + r. What is q(c)?
4
Suppose -2*w = 5*i - 21 - 1, 3*i + 11 = w. Let p(z) = -z**3 + 6*z**2 + z - 3. Let d be p(6). Suppose -1 = d*n + w. Let c(y) = -y**3 - 4*y**2. Give c(n).
0
Let k(i) be the first derivative of 3*i**2/2 + i + 2. Suppose 5*g = g + 8. Let z be (-1)/g*20/2. What is k(z)?
-14
Let p(h) = 2*h - h**3 + 8 - 2*h**2 - h**2 - 3*h**2. Let s = -31 + 25. Let i be (4 - 0 - (-6)/s)*-2. Give p(i).
-4
Let z(g) = -g**2 + g - 1. Let f(p) = p**3 - 3*p + 2. Let d(t) = -f(t) - 3*z(t). Calculate d(4).
-15
Suppose -d + 5*t = -0*t - 12, -2*t = 2*d. Let q(c) = -4*c + 2*c - d + 1 + c. Calculate q(9).
-10
Let p(b) = b**2 - 6*b. Let d = 26 + -8. Suppose c - 21 = -d. Suppose -c*r + 3*t + 30 = 0, -5*r - 5*t + 25 = 5. Give p(r).
7
Let f = -1 - 0. Let w(x) = 1. Let i(l) = l - 7. Let d(n) = -n + 7. Let g(o) = 6*d(o) + 5*i(o). Let a(s) = f*g(s) + 5*w(s). Give a(0).
-2
Let l(g) be the second derivative of g**4/12 + g**3 - g**2/2 - 202*g. Give l(-5).
-6
Let q(s) be the first derivative of 4*s**4 - s**2 + s + 75. Calculate q(1).
15
Let u(z) = 25*z + 5. Let r(o) = -8*o - 2. Let a(g) = 2*g - 36. Let v be a(17). Let m(x) = v*u(x) - 7*r(x). What is m(-3)?
-14
Let x(y) = y**3 - 3*y**2 - 7*y + 5. Let d(p) = p**2 + 9*p + 4. Let f be ((-34)/4)/(1/2). Let l = f + 8. Let s be d(l). What is x(s)?
-7
Let n(u) be the third derivative of u**7/2520 + u**6/90 + 3*u**5/40 - 7*u**4/24 + 4*u**2. Let v(m) be the second derivative of n(m). Calculate v(-6).
-3
Let z(q) be the third derivative of q**4/4 + q**3/6 + 13*q**2 + 1. Determine z(-1).
-5
Let b(i) = -7*i - 6. Let k(o) = -16*o - 12. Let l(v) = -9*b(v) + 4*k(v). Calculate l(5).
1
Suppose 0 = 4*w + s + 2, -8*w - 2*s = -4*w. Let v(f) = -9*f - 5. Give v(w).
4
Let t(j) be the first derivative of 2*j - j**2 - 13 + 0*j**2 + j**2 - j**2. What is t(2)?
-2
Let l = 25 + -22. Let x(o) = -38*o - l + 2 + 19*o + 20*o. Calculate x(3).
2
Let p(h) = -5*h + 5. Let u(f) = 16*f - 14. Let w(z) = 7*p(z) + 2*u(z). Let y = -30 - -35. Determine w(y).
-8
Suppose 0 = -4*t - 0*b - 4*b + 16, -5*b = 3*t - 22. Let i(l) = l**3. Let z(x) = -6*x**2 - 3*x + 4. Let g(o) = t*i(o) + z(o). What is g(-6)?
22
Let w(t) = -t**2 - 12*t + 2. Let r(p) = 4*p**2 + 40*p - 7. Let f(h) = 2*r(h) + 7*w(h). What is f(2)?
-4
Let g(r) be the second derivative of r**4/12 + r**3/6 - 7*r**2 + 19*r - 1. Calculate g(-5).
6
Let r(v) be the second derivative of 0 + 2*v + 1/2*v**2 + 1/3*v**4 - 1/6*v**3. Let g(o) = o**3 + 4*o**2 + o + 5. Let m be g(-4). Determine r(m).
4
Suppose -59*f + 412 = 44*f. Let i(d) be the second derivative of -5*d**3/6 + 2*d**2 + d. Calculate i(f).
-16
Let k(y) be the first derivative of y**3/3 + 7*y**2/2 + y + 77. What is k(-9)?
19
Let b = -1972 - -1971. Let f(y) be the second derivative of 7*y**3/6 + y. Determine f(b).
-7
Suppose -a = -2*a - 6. Let c(y) = 4*y - 8. Let k be c(3). Let m(l) = 3*l - 5*l + k + 2*l + l. Determine m(a).
-2
Let m(s) be the third derivative of -s**6/120 + 3*s**5/20 - s**4/12 + s**3/2 + s**2 - 2*s. Give m(9).
-15
Let q(n) be the first derivative of -n**3/3 + 2*n**2 + 5*n + 268. What is q(-5)?
-40
Let z(j) = -j**2 - 3*j + 14. Let x = 502 - 508. Give z(x).
-4
Let c be 4 + -3 + 1 - 2. Suppose c = 3*o - o - 6. Let u(s) = -o*s + 4 - s**2 + s + 7*s. Determine u(6).
-2
Let z(f) be the third 